-- https://www.phpmyadmin.net/
--
-- Hôte : satisfs1.mysql.db
-- Généré le : dim. 08 sep. 2024 à 15:02
-- Version du serveur : 8.0.37-29
-- Version de PHP : 8.1.29

START TRANSACTION;



--
-- Base de données : `satisfs1`
--

-- --------------------------------------------------------

--
-- Structure de la table `clients`
--

CREATE TABLE `clients` (
  `id` int NOT NULL,
  `prenom` varchar(100) NOT NULL,
  `nom` varchar(100) NOT NULL,
  `date_arrivee` date NOT NULL,
  `date_depart` date NOT NULL,
  `numero_chambre` varchar(10) NOT NULL
) ENGINE=InnoDB DEFAULT CHARSET=utf8mb4 COLLATE=utf8mb4_0900_ai_ci;

--
-- Déchargement des données de la table `clients`
--

INSERT INTO `clients` (`id`, `prenom`, `nom`, `date_arrivee`, `date_depart`, `numero_chambre`) VALUES
(1, 'Mathieu', 'Feraud', '2024-09-05', '2024-09-07', '5'),
(2, 'Damien', 'Gallon', '2024-09-05', '2024-09-06', '10'),
(3, 'Nicolas', 'Blanpain', '2024-08-26', '2024-08-31', '4'),
(4, 'Thomas', 'Garcia', '2024-09-09', '2024-09-15', '7'),
(5, 'Celine', 'Lopez', '2024-09-03', '2024-09-07', '7'),
(6, 'Kevin', 'Haury', '2024-09-13', '2024-09-21', '19'),
(7, 'Rhys', 'Griffin', '2024-09-12', '2024-09-21', '7'),
(8, 'Priscilla', 'Magnan', '2024-08-26', '2024-08-30', '5'),
(9, 'Marie', 'Espinasse', '2024-09-02', '2024-09-03', '11'),
(10, 'Laurent', 'Garnier', '2024-09-02', '2024-09-05', '18'),
(11, 'Paula', 'Abdoul', '2024-09-02', '2024-09-04', '5'),
(12, 'Delphine', 'Noguera', '2024-09-10', '2024-09-12', '12'),
(13, 'Lila', 'Gauthier', '2024-09-04', '2024-09-05', '5');

-- --------------------------------------------------------

--
-- Structure de la table `commentaires_sections`
--

CREATE TABLE `commentaires_sections` (
  `id` int NOT NULL,
  `questionnaire_id` int DEFAULT NULL,
  `section` varchar(255) NOT NULL,
  `commentaire` text
) ENGINE=InnoDB DEFAULT CHARSET=utf8mb4 COLLATE=utf8mb4_0900_ai_ci;

--
-- Déchargement des données de la table `commentaires_sections`
--

INSERT INTO `commentaires_sections` (`id`, `questionnaire_id`, `section`, `commentaire`) VALUES
(1, 3, 'Hotel', 'Manque un jaccuzi'),
(2, 3, 'Chambre', 'c\'etait sale'),
(3, 4, 'Hotel', 'Nul'),
(4, 4, 'Chambre', 'Matelas à changer'),
(5, 5, 'Hotel', 'A revoir'),
(6, 5, 'Chambre', 'Pourquoi pas'),
(9, 10, 'Hotel', 'On m\'a pas dit bonjour'),
(10, 10, 'Chambre', 'Pas de wifi'),
(11, 11, 'Hotel', 'Pas sympa'),
(12, 11, 'Chambre', 'sale');

-- --------------------------------------------------------

--
-- Structure de la table `dates_cles`
--

CREATE TABLE `dates_cles` (
  `id` int NOT NULL,
  `section` varchar(255) NOT NULL,
  `commentaire` text NOT NULL,
  `numero_chambre` varchar(50) DEFAULT NULL,
  `date` datetime NOT NULL
) ENGINE=InnoDB DEFAULT CHARSET=utf8mb4 COLLATE=utf8mb4_0900_ai_ci;

-- --------------------------------------------------------

--
-- Structure de la table `historique_questionnaire`
--

CREATE TABLE `historique_questionnaire` (
  `id` int NOT NULL,
  `user_id` int DEFAULT NULL,
  `action` varchar(255) NOT NULL,
  `details` text,
  `date_modification` datetime DEFAULT CURRENT_TIMESTAMP
) ENGINE=InnoDB DEFAULT CHARSET=utf8mb4 COLLATE=utf8mb4_0900_ai_ci;

--
-- Déchargement des données de la table `historique_questionnaire`
--

INSERT INTO `historique_questionnaire` (`id`, `user_id`, `action`, `details`, `date_modification`) VALUES
(1, 1, 'Ajout de section', 'Section: Hotel, Sous-section: Accueil', '2024-09-07 12:33:01'),
(2, 1, 'Ajout de sous-section', 'Section: Hotel, Sous-section: Services dans l\'hôtel', '2024-09-07 12:33:18'),
(3, 1, 'Ajout de section', 'Section: Chambre, Sous-section: Confort', '2024-09-07 12:33:30'),
(4, 1, 'Ajout de sous-section', 'Section: Chambre, Sous-section: Propreté', '2024-09-07 12:33:49'),
(5, 1, 'Ajout de sous-section', 'Section: Chambre, Sous-section: Multimedia', '2024-09-07 12:33:57'),
(6, 1, 'Ajout de sous-section', 'Section: Chambre, Sous-section: Wifi', '2024-09-07 12:34:01'),
(7, 1, 'Ajout de sous-section', 'Section: Chambre, Sous-section: Salle de bain', '2024-09-07 12:34:06');

-- --------------------------------------------------------

--
-- Structure de la table `notes_sous_sections`
--

CREATE TABLE `notes_sous_sections` (
  `id` int NOT NULL,
  `questionnaire_id` int DEFAULT NULL,
  `section` varchar(255) NOT NULL,
  `sous_section` varchar(255) NOT NULL,
  `note` int NOT NULL
) ENGINE=InnoDB DEFAULT CHARSET=utf8mb4 COLLATE=utf8mb4_0900_ai_ci;

--
-- Déchargement des données de la table `notes_sous_sections`
--

INSERT INTO `notes_sous_sections` (`id`, `questionnaire_id`, `section`, `sous_section`, `note`) VALUES
(1, 1, 'Hotel', 'Accueil', 3),
(2, 1, 'Hotel', 'Services dans l\'hôtel', 3),
(3, 1, 'Chambre', 'Confort', 4),
(4, 1, 'Chambre', 'Propreté', 4),
(5, 1, 'Chambre', 'Multimedia', 4),
(6, 1, 'Chambre', 'Wifi', 4),
(7, 1, 'Chambre', 'Salle de bain', 4),
(8, 2, 'Hotel', 'Accueil', 2),
(9, 2, 'Hotel', 'Services dans l\'hôtel', 5),
(10, 2, 'Chambre', 'Confort', 1),
(11, 2, 'Chambre', 'Propreté', 5),
(12, 2, 'Chambre', 'Multimedia', 5),
(13, 2, 'Chambre', 'Wifi', 3),
(14, 2, 'Chambre', 'Salle de bain', 4),
(15, 3, 'Hotel', 'Accueil', 5),
(16, 3, 'Hotel', 'Services dans l\'hôtel', 2),
(17, 3, 'Chambre', 'Confort', 3),
(18, 3, 'Chambre', 'Propreté', 1),
(19, 3, 'Chambre', 'Multimedia', 4),
(20, 3, 'Chambre', 'Wifi', 4),
(21, 3, 'Chambre', 'Salle de bain', 5),
(22, 4, 'Hotel', 'Accueil', 2),
(23, 4, 'Hotel', 'Services dans l\'hôtel', 5),
(24, 4, 'Chambre', 'Confort', 2),
(25, 4, 'Chambre', 'Propreté', 5),
(26, 4, 'Chambre', 'Multimedia', 5),
(27, 4, 'Chambre', 'Wifi', 5),
(28, 4, 'Chambre', 'Salle de bain', 5),
(29, 5, 'Hotel', 'Accueil', 1),
(30, 5, 'Hotel', 'Services dans l\'hôtel', 2),
(31, 5, 'Chambre', 'Confort', 2),
(32, 5, 'Chambre', 'Propreté', 1),
(33, 5, 'Chambre', 'Multimedia', 2),
(34, 5, 'Chambre', 'Wifi', 1),
(35, 5, 'Chambre', 'Salle de bain', 2),
(36, 6, 'Hotel', 'Accueil', 4),
(37, 6, 'Hotel', 'Services dans l\'hôtel', 4),
(38, 6, 'Chambre', 'Confort', 4),
(39, 6, 'Chambre', 'Propreté', 4),
(40, 6, 'Chambre', 'Multimedia', 4),
(41, 6, 'Chambre', 'Wifi', 4),
(42, 6, 'Chambre', 'Salle de bain', 4),
(43, 7, 'Hotel', 'Accueil', 4),
(44, 7, 'Hotel', 'Services dans l\'hôtel', 5),
(45, 7, 'Chambre', 'Confort', 4),
(46, 7, 'Chambre', 'Propreté', 4),
(47, 7, 'Chambre', 'Multimedia', 5),
(48, 7, 'Chambre', 'Wifi', 5),
(49, 7, 'Chambre', 'Salle de bain', 5),
(57, 9, 'Hotel', 'Accueil', 4),
(58, 9, 'Hotel', 'Services dans l\'hôtel', 4),
(59, 9, 'Chambre', 'Confort', 4),
(60, 9, 'Chambre', 'Propreté', 4),
(61, 9, 'Chambre', 'Multimedia', 4),
(62, 9, 'Chambre', 'Wifi', 4),
(63, 9, 'Chambre', 'Salle de bain', 4),
(64, 10, 'Hotel', 'Accueil', 2),
(65, 10, 'Hotel', 'Services dans l\'hôtel', 5),
(66, 10, 'Chambre', 'Confort', 4),
(67, 10, 'Chambre', 'Propreté', 5),
(68, 10, 'Chambre', 'Multimedia', 4),
(69, 10, 'Chambre', 'Wifi', 1),
(70, 10, 'Chambre', 'Salle de bain', 4),
(71, 11, 'Hotel', 'Accueil', 2),
(72, 11, 'Hotel', 'Services dans l\'hôtel', 4),
(73, 11, 'Chambre', 'Confort', 4),
(74, 11, 'Chambre', 'Propreté', 2),
(75, 11, 'Chambre', 'Multimedia', 4),
(76, 11, 'Chambre', 'Wifi', 4),
(77, 11, 'Chambre', 'Salle de bain', 4),
(78, 12, 'Hotel', 'Accueil', 4),
(79, 12, 'Hotel', 'Services dans l\'hôtel', 4),
(80, 12, 'Chambre', 'Confort', 5),
(81, 12, 'Chambre', 'Propreté', 5),
(82, 12, 'Chambre', 'Multimedia', 4),
(83, 12, 'Chambre', 'Wifi', 4),
(84, 12, 'Chambre', 'Salle de bain', 4),
(85, 13, 'Hotel', 'Accueil', 4),
(86, 13, 'Hotel', 'Services dans l\'hôtel', 5),
(87, 13, 'Chambre', 'Confort', 5),
(88, 13, 'Chambre', 'Propreté', 4),
(89, 13, 'Chambre', 'Multimedia', 4),
(90, 13, 'Chambre', 'Wifi', 5),
(91, 13, 'Chambre', 'Salle de bain', 4),
(92, 14, 'Hotel', 'Accueil', 3),
(93, 14, 'Hotel', 'Services dans l\'hôtel', 4),
(94, 14, 'Chambre', 'Confort', 4),
(95, 14, 'Chambre', 'Propreté', 4),
(96, 14, 'Chambre', 'Multimedia', 3),
(97, 14, 'Chambre', 'Wifi', 4),
(98, 14, 'Chambre', 'Salle de bain', 3),
(99, 15, 'Hotel', 'Accueil', 4),
(100, 15, 'Hotel', 'Services dans l\'hôtel', 4),
(101, 15, 'Chambre', 'Confort', 4),
(102, 15, 'Chambre', 'Propreté', 3),
(103, 15, 'Chambre', 'Multimedia', 4),
(104, 15, 'Chambre', 'Wifi', 4),
(105, 15, 'Chambre', 'Salle de bain', 3);

-- --------------------------------------------------------

--
-- Structure de la table `notifications`
--

CREATE TABLE `notifications` (
  `id` int NOT NULL,
  `questionnaire_id` int DEFAULT NULL,
  `section` varchar(255) NOT NULL,
  `sous_section` varchar(255) NOT NULL,
  `note` int NOT NULL,
  `status` enum('nouvelle','en_cours','traitee') DEFAULT 'nouvelle',
  `date_creation` datetime DEFAULT CURRENT_TIMESTAMP
) ENGINE=InnoDB DEFAULT CHARSET=utf8mb4 COLLATE=utf8mb4_0900_ai_ci;

--
-- Déchargement des données de la table `notifications`
--

INSERT INTO `notifications` (`id`, `questionnaire_id`, `section`, `sous_section`, `note`, `status`, `date_creation`) VALUES
(1, 2, 'Hotel', 'Accueil', 2, 'traitee', '2024-09-07 12:47:28'),
(2, 2, 'Chambre', 'Confort', 1, 'traitee', '2024-09-07 12:47:28'),
(3, 3, 'Hotel', 'Services dans l\'hôtel', 2, 'traitee', '2024-09-07 12:51:05'),
(4, 3, 'Chambre', 'Propreté', 1, 'traitee', '2024-09-07 12:51:05'),
(5, 4, 'Hotel', 'Accueil', 2, 'traitee', '2024-09-07 13:04:23'),
(6, 4, 'Chambre', 'Confort', 2, 'traitee', '2024-09-07 13:04:23'),
(7, 5, 'Hotel', 'Accueil', 1, 'traitee', '2024-09-07 13:06:28'),
(8, 5, 'Hotel', 'Services dans l\'hôtel', 2, 'traitee', '2024-09-07 13:06:28'),
(9, 5, 'Chambre', 'Confort', 2, 'traitee', '2024-09-07 13:06:28'),
(10, 5, 'Chambre', 'Propreté', 1, 'traitee', '2024-09-07 13:06:28'),
(11, 5, 'Chambre', 'Multimedia', 2, 'traitee', '2024-09-07 13:06:28'),
(12, 5, 'Chambre', 'Wifi', 1, 'traitee', '2024-09-07 13:06:28'),
(13, 5, 'Chambre', 'Salle de bain', 2, 'traitee', '2024-09-07 13:06:28'),
(14, 10, 'Hotel', 'Accueil', 2, 'traitee', '2024-09-07 18:42:06'),
(15, 10, 'Chambre', 'Wifi', 1, 'traitee', '2024-09-07 18:42:06'),
(16, 11, 'Hotel', 'Accueil', 2, 'nouvelle', '2024-09-07 22:43:24'),
(17, 11, 'Chambre', 'Propreté', 2, 'traitee', '2024-09-07 22:43:24');

-- --------------------------------------------------------

--
-- Structure de la table `questionnaires`
--

CREATE TABLE `questionnaires` (
  `id` int NOT NULL,
  `client_id` int DEFAULT NULL,
  `date_soumission` datetime DEFAULT CURRENT_TIMESTAMP
) ENGINE=InnoDB DEFAULT CHARSET=utf8mb4 COLLATE=utf8mb4_0900_ai_ci;

--
-- Déchargement des données de la table `questionnaires`
--

INSERT INTO `questionnaires` (`id`, `client_id`, `date_soumission`) VALUES
(1, 1, '2024-09-07 12:46:39'),
(2, 2, '2024-09-07 12:47:28'),
(3, 3, '2024-09-07 12:51:05'),
(4, 4, '2024-09-07 13:04:23'),
(5, 5, '2024-09-07 13:06:28'),
(6, 6, '2024-09-07 13:32:17'),
(7, 7, '2024-09-07 13:33:20'),
(9, 8, '2024-09-07 16:20:11'),
(10, 9, '2024-09-07 18:42:06'),
(11, 10, '2024-09-07 22:43:24'),
(12, NULL, '2024-09-08 13:53:42'),
(13, 11, '2024-09-08 13:59:41'),
(14, 12, '2024-09-08 14:00:25'),
(15, 13, '2024-09-08 14:12:58');

-- --------------------------------------------------------

--
-- Structure de la table `section_tags`
--

CREATE TABLE `section_tags` (
  `id` int NOT NULL,
  `section` varchar(50) NOT NULL,
  `tag` varchar(50) NOT NULL
) ENGINE=InnoDB DEFAULT CHARSET=utf8mb4 COLLATE=utf8mb4_0900_ai_ci;

--
-- Déchargement des données de la table `section_tags`
--

INSERT INTO `section_tags` (`id`, `section`, `tag`) VALUES
(3, 'Chambre', 'Confort'),
(4, 'Chambre', 'Équipements'),
(2, 'Hébergement', 'Accueil'),
(1, 'Hébergement', 'Propreté'),
(9, 'Hotel', 'Accueil'),
(14, 'Hotel', 'Services dans l\'hotel'),
(5, 'Restaurant', 'Qualité des plats'),
(6, 'Restaurant', 'Service'),
(7, 'Spa', 'Installations'),
(8, 'Spa', 'Massages');

-- --------------------------------------------------------

--
-- Structure de la table `structure_questionnaire`
--

CREATE TABLE `structure_questionnaire` (
  `id` int NOT NULL,
  `section` varchar(255) NOT NULL,
  `sous_section` varchar(255) NOT NULL,
  `ordre` int NOT NULL
) ENGINE=InnoDB DEFAULT CHARSET=utf8mb4 COLLATE=utf8mb4_0900_ai_ci;

--
-- Déchargement des données de la table `structure_questionnaire`
--

INSERT INTO `structure_questionnaire` (`id`, `section`, `sous_section`, `ordre`) VALUES
(1, 'Hotel', 'Accueil', 1),
(2, 'Hotel', 'Services dans l\'hôtel', 2),
(3, 'Chambre', 'Confort', 3),
(4, 'Chambre', 'Propreté', 4),
(5, 'Chambre', 'Multimedia', 5),
(6, 'Chambre', 'Wifi', 6),
(7, 'Chambre', 'Salle de bain', 7);

-- --------------------------------------------------------

--
-- Structure de la table `taches`
--

CREATE TABLE `taches` (
  `id` int NOT NULL,
  `notification_id` int DEFAULT NULL,
  `remarque` text,
  `status` enum('a_faire','en_cours','terminee') DEFAULT 'a_faire',
  `date_creation` datetime DEFAULT CURRENT_TIMESTAMP
) ENGINE=InnoDB DEFAULT CHARSET=utf8mb4 COLLATE=utf8mb4_0900_ai_ci;

--
-- Déchargement des données de la table `taches`
--

INSERT INTO `taches` (`id`, `notification_id`, `remarque`, `status`, `date_creation`) VALUES
(1, 1, '', 'a_faire', '2024-09-07 12:47:50'),
(2, 1, '', 'a_faire', '2024-09-07 12:47:52'),
(3, 3, 'Faire en sorte de nettoyer la chambre', 'a_faire', '2024-09-07 12:57:35'),
(4, 4, 'Reparer la télé', 'a_faire', '2024-09-07 12:58:28'),
(5, 2, 'remplacer la télé', 'a_faire', '2024-09-07 12:59:41'),
(6, 5, '', 'a_faire', '2024-09-07 13:06:07'),
(7, 6, '', 'a_faire', '2024-09-07 13:06:10'),
(8, 7, '', 'a_faire', '2024-09-07 13:06:55'),
(9, 8, '', 'a_faire', '2024-09-07 13:06:57'),
(10, 9, '', 'a_faire', '2024-09-07 13:07:00'),
(11, 10, '', 'a_faire', '2024-09-07 13:07:03'),
(12, 11, '', 'a_faire', '2024-09-07 13:07:05'),
(13, 12, 'Faut changer la télé', 'a_faire', '2024-09-07 13:10:31'),
(14, 13, 'Lit pas confortable', 'a_faire', '2024-09-07 14:24:41'),
(15, 15, '', 'a_faire', '2024-09-07 18:44:27'),
(16, 14, '', 'a_faire', '2024-09-07 22:29:37'),
(17, 17, '', 'a_faire', '2024-09-07 22:48:50');

-- --------------------------------------------------------

--
-- Structure de la table `tags_taches`
--

CREATE TABLE `tags_taches` (
  `id` int NOT NULL,
  `tache_id` int DEFAULT NULL,
  `tag` varchar(50) NOT NULL
) ENGINE=InnoDB DEFAULT CHARSET=utf8mb4 COLLATE=utf8mb4_0900_ai_ci;

--
-- Déchargement des données de la table `tags_taches`
--

INSERT INTO `tags_taches` (`id`, `tache_id`, `tag`) VALUES
(1, 1, 'Maintenance'),
(2, 2, 'Maintenance'),
(3, 3, 'Nettoyage'),
(4, 3, 'Urgent'),
(5, 4, 'Maintenance'),
(6, 4, 'Urgent'),
(7, 5, 'Urgent'),
(8, 5, 'Maintenance'),
(9, 6, 'Urgent'),
(10, 7, 'Urgent'),
(11, 8, 'Urgent'),
(12, 9, 'Urgent'),
(13, 10, 'Urgent'),
(14, 11, 'Urgent'),
(15, 12, 'Urgent'),
(16, 13, 'Urgent'),
(17, 13, 'Service client'),
(18, 14, 'Confort'),
(19, 15, 'Équipements'),
(20, 16, 'Accueil'),
(21, 17, 'Accueil'),
(22, 17, 'Équipements');

--
-- Index pour les tables déchargées
--

--
-- Index pour la table `clients`
--
ALTER TABLE `clients`
  ADD PRIMARY KEY (`id`);

--
-- Index pour la table `commentaires_sections`
--
ALTER TABLE `commentaires_sections`
  ADD PRIMARY KEY (`id`),
  ADD KEY `questionnaire_id` (`questionnaire_id`);

--
-- Index pour la table `dates_cles`
--
ALTER TABLE `dates_cles`
  ADD PRIMARY KEY (`id`);

--
-- Index pour la table `historique_questionnaire`
--
ALTER TABLE `historique_questionnaire`
  ADD PRIMARY KEY (`id`),
  ADD KEY `user_id` (`user_id`);

--
-- Index pour la table `notes_sous_sections`
--
ALTER TABLE `notes_sous_sections`
  ADD PRIMARY KEY (`id`),
  ADD KEY `questionnaire_id` (`questionnaire_id`);

--
-- Index pour la table `notifications`
--
ALTER TABLE `notifications`
  ADD PRIMARY KEY (`id`),
  ADD KEY `questionnaire_id` (`questionnaire_id`);

--
-- Index pour la table `questionnaires`
--
ALTER TABLE `questionnaires`
  ADD PRIMARY KEY (`id`),
  ADD KEY `client_id` (`client_id`);

--
-- Index pour la table `section_tags`
--
ALTER TABLE `section_tags`
  ADD PRIMARY KEY (`id`),
  ADD UNIQUE KEY `section` (`section`,`tag`);

--
-- Index pour la table `structure_questionnaire`
--
ALTER TABLE `structure_questionnaire`
  ADD PRIMARY KEY (`id`);

--
-- Index pour la table `taches`
--
ALTER TABLE `taches`
  ADD PRIMARY KEY (`id`),
  ADD KEY `notification_id` (`notification_id`);

--
-- Index pour la table `tags_taches`
--
ALTER TABLE `tags_taches`
  ADD PRIMARY KEY (`id`),
  ADD KEY `tache_id` (`tache_id`);

--
-- AUTO_INCREMENT pour les tables déchargées
--

--
-- AUTO_INCREMENT pour la table `clients`
--
ALTER TABLE `clients`
  MODIFY `id` int NOT NULL AUTO_INCREMENT, AUTO_INCREMENT=14;

--
-- AUTO_INCREMENT pour la table `commentaires_sections`
--
ALTER TABLE `commentaires_sections`
  MODIFY `id` int NOT NULL AUTO_INCREMENT, AUTO_INCREMENT=13;

--
-- AUTO_INCREMENT pour la table `dates_cles`
--
ALTER TABLE `dates_cles`
  MODIFY `id` int NOT NULL AUTO_INCREMENT;

--
-- AUTO_INCREMENT pour la table `historique_questionnaire`
--
ALTER TABLE `historique_questionnaire`
  MODIFY `id` int NOT NULL AUTO_INCREMENT, AUTO_INCREMENT=8;

--
-- AUTO_INCREMENT pour la table `notes_sous_sections`
--
ALTER TABLE `notes_sous_sections`
  MODIFY `id` int NOT NULL AUTO_INCREMENT, AUTO_INCREMENT=106;

--
-- AUTO_INCREMENT pour la table `notifications`
--
ALTER TABLE `notifications`
  MODIFY `id` int NOT NULL AUTO_INCREMENT, AUTO_INCREMENT=18;

--
-- AUTO_INCREMENT pour la table `questionnaires`
--
ALTER TABLE `questionnaires`
  MODIFY `id` int NOT NULL AUTO_INCREMENT, AUTO_INCREMENT=16;

--
-- AUTO_INCREMENT pour la table `section_tags`
--
ALTER TABLE `section_tags`
  MODIFY `id` int NOT NULL AUTO_INCREMENT, AUTO_INCREMENT=16;

--
-- AUTO_INCREMENT pour la table `structure_questionnaire`
--
ALTER TABLE `structure_questionnaire`
  MODIFY `id` int NOT NULL AUTO_INCREMENT, AUTO_INCREMENT=8;

--
-- AUTO_INCREMENT pour la table `taches`
--
ALTER TABLE `taches`
  MODIFY `id` int NOT NULL AUTO_INCREMENT, AUTO_INCREMENT=18;

--
-- AUTO_INCREMENT pour la table `tags_taches`
--
ALTER TABLE `tags_taches`
  MODIFY `id` int NOT NULL AUTO_INCREMENT, AUTO_INCREMENT=23;

--
-- Contraintes pour les tables déchargées
--

--
-- Contraintes pour la table `commentaires_sections`
--
ALTER TABLE `commentaires_sections`
  ADD CONSTRAINT `commentaires_sections_ibfk_1` FOREIGN KEY (`questionnaire_id`) REFERENCES `questionnaires` (`id`);

--
-- Contraintes pour la table `historique_questionnaire`
--
ALTER TABLE `historique_questionnaire`
  ADD CONSTRAINT `historique_questionnaire_ibfk_1` FOREIGN KEY (`user_id`) REFERENCES `utilisateurs_admin` (`id`);

--
-- Contraintes pour la table `notes_sous_sections`
--
ALTER TABLE `notes_sous_sections`
  ADD CONSTRAINT `notes_sous_sections_ibfk_1` FOREIGN KEY (`questionnaire_id`) REFERENCES `questionnaires` (`id`);

--
-- Contraintes pour la table `notifications`
--
ALTER TABLE `notifications`
  ADD CONSTRAINT `notifications_ibfk_1` FOREIGN KEY (`questionnaire_id`) REFERENCES `questionnaires` (`id`);

--
-- Contraintes pour la table `questionnaires`
--
ALTER TABLE `questionnaires`
  ADD CONSTRAINT `questionnaires_ibfk_1` FOREIGN KEY (`client_id`) REFERENCES `clients` (`id`);

--
-- Contraintes pour la table `taches`
--
ALTER TABLE `taches`
  ADD CONSTRAINT `taches_ibfk_1` FOREIGN KEY (`notification_id`) REFERENCES `notifications` (`id`);

--
-- Contraintes pour la table `tags_taches`
--
ALTER TABLE `tags_taches`
  ADD CONSTRAINT `tags_taches_ibfk_1` FOREIGN KEY (`tache_id`) REFERENCES `taches` (`id`);
COMMIT;

